{"id":19,"date":"2021-10-28T14:37:19","date_gmt":"2021-10-28T14:37:19","guid":{"rendered":"https:\/\/neu.peter-weber-faltungen.de\/?page_id=19"},"modified":"2021-10-28T14:37:33","modified_gmt":"2021-10-28T14:37:33","slug":"impressum","status":"publish","type":"page","link":"https:\/\/www.peter-weber-faltungen.de\/en\/impressum\/","title":{"rendered":"imprint"},"content":{"rendered":"\n<p><strong>Angaben nach \u00a7 6 Teledienstgesetz (TDG) &#8211; Haftung<\/strong><\/p>\n\n\n\n<p><strong>Betreiber der Internetseite:<\/strong><\/p>\n\n\n\n<p>Peter Weber<br>Reschstr. 16<br>D &#8211; 82216 Maisach<\/p>\n\n\n\n<p>Tel: +49 8141 404310<br>E-Mail: peo.weber[at]gmx.de<\/p>\n\n\n\n<p><strong>Umsatzsteuernummer \u00a7 27a UStG:<\/strong><br>DE 188053391<\/p>\n\n\n\n<p><strong>Layout\/Design und Umsetzung<\/strong>:<br>Alexander Lignow (a.lignow[at]gmx.de)<\/p>\n\n\n\n<p><strong>Haftung:<\/strong><br>F\u00fcr die Aktualit\u00e4t, Korrektheit und Vollst\u00e4ndigkeit der bereitgestellten Informationen \u00fcbernehme ich keine Gew\u00e4hr. Haftungsanspr\u00fcche, die sich auf Sch\u00e4den materieller oder ideeller Art beziehen, welche durch die Nutzung der dargebotenen Informationen bzw. durch die Nutzung fehlerhafter oder unvollst\u00e4ndiger Informationen verursacht wurden, sind grunds\u00e4tzlich ausgeschlossen, es sei denn, mir kann vors\u00e4tzliches oder grob fahrl\u00e4ssiges Verschulden nachgewiesen werden.<\/p>\n\n\n\n<p>Bei Verweisen auf fremde Internetseiten (Links), die au\u00dferhalb des Verantwortungsbereiches des Autors liegen, hafte ich nur dann, wenn ich von den Inhalten Kenntnis hatte und es mir technisch m\u00f6glich und zumutbar w\u00e4re, die Nutzung im Falle rechtswidriger Inhalte zu verhindern. Ich erkl\u00e4rt hiermit ausdr\u00fccklich, dass zum Zeitpunkt der Linksetzung die entsprechenden verlinkten Seiten frei von illegalen Inhalten waren. Ich erkl\u00e4re weiterhin, dass ich keinerlei Einfluss auf die aktuelle und zuk\u00fcnftige Gestaltung und auf die Inhalte sowie m\u00f6glichen Ver\u00e4nderungen der verlinkten Seiten habe. Trotz sorgf\u00e4ltiger inhaltlicher Kontrolle \u00fcbernehme ich daher keine Haftung f\u00fcr die Inhalte externer Links. F\u00fcr den Inhalt der verlinkten Seiten sind ausschlie\u00dflich deren Betreiber verantwortlich.<\/p>\n","protected":false},"excerpt":{"rendered":"<p>Angaben nach \u00a7 6 Teledienstgesetz (TDG) &#8211; Haftung Betreiber der Internetseite: Peter WeberReschstr. 16D &#8211; 82216 Maisach Tel: +49 8141 404310E-Mail: peo.weber[at]gmx.de Umsatzsteuernummer \u00a7 27a UStG:DE 188053391 Layout\/Design und Umsetzung:Alexander Lignow (a.lignow[at]gmx.de) Haftung:F\u00fcr die Aktualit\u00e4t, Korrektheit und Vollst\u00e4ndigkeit der bereitgestellten Informationen \u00fcbernehme ich keine Gew\u00e4hr. Haftungsanspr\u00fcche, die sich auf Sch\u00e4den materieller oder ideeller Art beziehen,&hellip; <a class=\"more-link\" href=\"https:\/\/www.peter-weber-faltungen.de\/en\/impressum\/\">Continue reading <span class=\"screen-reader-text\">Impressum<\/span><\/a><\/p>\n","protected":false},"author":2,"featured_media":0,"parent":0,"menu_order":0,"comment_status":"closed","ping_status":"closed","template":"","meta":{"_vp_format_video_url":"","_vp_image_focal_point":[],"footnotes":""},"class_list":["post-19","page","type-page","status-publish","hentry","entry"],"_links":{"self":[{"href":"https:\/\/www.peter-weber-faltungen.de\/en\/wp-json\/wp\/v2\/pages\/19","targetHints":{"allow":["GET"]}}],"collection":[{"href":"https:\/\/www.peter-weber-faltungen.de\/en\/wp-json\/wp\/v2\/pages"}],"about":[{"href":"https:\/\/www.peter-weber-faltungen.de\/en\/wp-json\/wp\/v2\/types\/page"}],"author":[{"embeddable":true,"href":"https:\/\/www.peter-weber-faltungen.de\/en\/wp-json\/wp\/v2\/users\/2"}],"replies":[{"embeddable":true,"href":"https:\/\/www.peter-weber-faltungen.de\/en\/wp-json\/wp\/v2\/comments?post=19"}],"version-history":[{"count":2,"href":"https:\/\/www.peter-weber-faltungen.de\/en\/wp-json\/wp\/v2\/pages\/19\/revisions"}],"predecessor-version":[{"id":21,"href":"https:\/\/www.peter-weber-faltungen.de\/en\/wp-json\/wp\/v2\/pages\/19\/revisions\/21"}],"wp:attachment":[{"href":"https:\/\/www.peter-weber-faltungen.de\/en\/wp-json\/wp\/v2\/media?parent=19"}],"curies":[{"name":"wp","href":"https:\/\/api.w.org\/{rel}","templated":true}]}}

<p><strong>Angaben nach § 6 Teledienstgesetz (TDG) &#8211; Haftung</strong></p>



<p><strong>Betreiber der Internetseite:</strong></p>



<p>Peter Weber<br>Reschstr. 16<br>D &#8211; 82216 Maisach</p>



<p>Tel: +49 8141 404310<br>E-Mail: peo.weber[at]gmx.de</p>



<p><strong>Umsatzsteuernummer § 27a UStG:</strong><br>DE 188053391</p>



<p><strong>Layout/Design und Umsetzung</strong>:<br>Alexander Lignow (a.lignow[at]gmx.de)</p>



<p><strong>Haftung:</strong><br>Für die Aktualität, Korrektheit und Vollständigkeit der bereitgestellten Informationen übernehme ich keine Gewähr. Haftungsansprüche, die sich auf Schäden materieller oder ideeller Art beziehen, welche durch die Nutzung der dargebotenen Informationen bzw. durch die Nutzung fehlerhafter oder unvollständiger Informationen verursacht wurden, sind grundsätzlich ausgeschlossen, es sei denn, mir kann vorsätzliches oder grob fahrlässiges Verschulden nachgewiesen werden.</p>



<p>Bei Verweisen auf fremde Internetseiten (Links), die außerhalb des Verantwortungsbereiches des Autors liegen, hafte ich nur dann, wenn ich von den Inhalten Kenntnis hatte und es mir technisch möglich und zumutbar wäre, die Nutzung im Falle rechtswidriger Inhalte zu verhindern. Ich erklärt hiermit ausdrücklich, dass zum Zeitpunkt der Linksetzung die entsprechenden verlinkten Seiten frei von illegalen Inhalten waren. Ich erkläre weiterhin, dass ich keinerlei Einfluss auf die aktuelle und zukünftige Gestaltung und auf die Inhalte sowie möglichen Veränderungen der verlinkten Seiten habe. Trotz sorgfältiger inhaltlicher Kontrolle übernehme ich daher keine Haftung für die Inhalte externer Links. Für den Inhalt der verlinkten Seiten sind ausschließlich deren Betreiber verantwortlich.</p>

<p>Angaben nach § 6 Teledienstgesetz (TDG) &#8211; Haftung Betreiber der Internetseite: Peter WeberReschstr. 16D &#8211; 82216 Maisach Tel: +49 8141 404310E-Mail: peo.weber[at]gmx.de Umsatzsteuernummer § 27a UStG:DE 188053391 Layout/Design und Umsetzung:Alexander Lignow (a.lignow[at]gmx.de) Haftung:Für die Aktualität, Korrektheit und Vollständigkeit der bereitgestellten Informationen übernehme ich keine Gewähr. Haftungsansprüche, die sich auf Schäden materieller oder ideeller Art beziehen,&hellip; <a class="more-link" href="https://www.peter-weber-faltungen.de/en/impressum/">Continue reading <span class="screen-reader-text">Impressum</span></a></p>
